{"id":20417,"date":"2025-04-17T22:23:27","date_gmt":"2025-04-17T19:23:27","guid":{"rendered":"https:\/\/m2kdijital.com\/makinsan\/?page_id=20417"},"modified":"2025-05-27T10:43:46","modified_gmt":"2025-05-27T07:43:46","slug":"urunler","status":"publish","type":"page","link":"https:\/\/m2kdijital.com\/makinsan\/urunler\/","title":{"rendered":"\u00dcr\u00fcnler"},"content":{"rendered":"\t\t<div data-elementor-type=\"wp-page\" data-elementor-id=\"20417\" class=\"elementor elementor-20417\">\n\t\t\t\t\t\t<section class=\"elementor-section elementor-top-section elementor-element elementor-element-0bd020c elementor-section-boxed elementor-section-height-default elementor-section-height-default sc_fly_static\" data-id=\"0bd020c\" data-element_type=\"section\">\n\t\t\t\t\t\t<div class=\"elementor-container elementor-column-gap-extended\">\n\t\t\t\t\t<div class=\"elementor-column elementor-col-100 elementor-top-column elementor-element elementor-element-766f3fa sc_inner_width_none sc_content_align_inherit sc_layouts_column_icons_position_left sc_fly_static\" data-id=\"766f3fa\" data-element_type=\"column\">\n\t\t\t<div class=\"elementor-widget-wrap elementor-element-populated\">\n\t\t\t\t\t\t<div class=\"elementor-element elementor-element-22d79f2 sc_height_huge sc_fly_static elementor-widget elementor-widget-spacer\" data-id=\"22d79f2\" data-element_type=\"widget\" data-widget_type=\"spacer.default\">\n\t\t\t\t<div class=\"elementor-widget-container\">\n\t\t\t\t\t<div class=\"elementor-spacer\">\n\t\t\t<div class=\"elementor-spacer-inner\"><\/div>\n\t\t<\/div>\n\t\t\t\t<\/div>\n\t\t\t\t<\/div>\n\t\t\t\t\t<\/div>\n\t\t<\/div>\n\t\t\t\t\t<\/div>\n\t\t<\/section>\n\t\t\t\t<section class=\"elementor-section elementor-top-section elementor-element elementor-element-1ca39b3 elementor-section-boxed elementor-section-height-default elementor-section-height-default sc_fly_static\" data-id=\"1ca39b3\" data-element_type=\"section\">\n\t\t\t\t\t\t<div class=\"elementor-container elementor-column-gap-extended\">\n\t\t\t\t\t<div class=\"elementor-column elementor-col-33 elementor-top-column elementor-element elementor-element-69b2c53 sc_inner_width_none sc_content_align_inherit sc_layouts_column_icons_position_left sc_fly_static\" data-id=\"69b2c53\" data-element_type=\"column\">\n\t\t\t<div class=\"elementor-widget-wrap elementor-element-populated\">\n\t\t\t\t\t\t<div class=\"elementor-element elementor-element-8111bae sc_fly_static elementor-widget elementor-widget-image\" data-id=\"8111bae\" data-element_type=\"widget\" data-widget_type=\"image.default\">\n\t\t\t\t<div class=\"elementor-widget-container\">\n\t\t\t\t\t\t\t\t\t\t<figure class=\"wp-caption\">\n\t\t\t\t\t\t\t\t\t\t\t<a href=\"https:\/\/m2kdijital.com\/makinsan\/low-bed\/\">\n\t\t\t\t\t\t\t<img fetchpriority=\"high\" decoding=\"async\" width=\"890\" height=\"664\" src=\"https:\/\/m2kdijital.com\/makinsan\/wp-content\/uploads\/2025\/05\/1p-890x664.jpeg\" class=\"attachment-globallogistics-thumb-square size-globallogistics-thumb-square wp-image-20700\" alt=\"\" \/>\t\t\t\t\t\t\t\t<\/a>\n\t\t\t\t\t\t\t\t\t\t\t<figcaption class=\"widget-image-caption wp-caption-text\">Low-bed<\/figcaption>\n\t\t\t\t\t\t\t\t\t\t<\/figure>\n\t\t\t\t\t\t\t<\/div>\n\t\t\t\t<\/div>\n\t\t\t\t\t<\/div>\n\t\t<\/div>\n\t\t\t\t<div class=\"elementor-column elementor-col-33 elementor-top-column elementor-element elementor-element-54716a5 sc_inner_width_none sc_content_align_inherit sc_layouts_column_icons_position_left sc_fly_static\" data-id=\"54716a5\" data-element_type=\"column\">\n\t\t\t<div class=\"elementor-widget-wrap elementor-element-populated\">\n\t\t\t\t\t\t<div class=\"elementor-element elementor-element-a536184 sc_fly_static elementor-widget elementor-widget-image\" data-id=\"a536184\" data-element_type=\"widget\" data-widget_type=\"image.default\">\n\t\t\t\t<div class=\"elementor-widget-container\">\n\t\t\t\t\t\t\t\t\t\t<figure class=\"wp-caption\">\n\t\t\t\t\t\t\t\t\t\t\t<a href=\"https:\/\/m2kdijital.com\/makinsan\/damperli-yari-romork\/\">\n\t\t\t\t\t\t\t<img decoding=\"async\" width=\"890\" height=\"664\" src=\"https:\/\/m2kdijital.com\/makinsan\/wp-content\/uploads\/2025\/05\/2p-890x664.jpeg\" class=\"attachment-globallogistics-thumb-square size-globallogistics-thumb-square wp-image-20701\" alt=\"\" \/>\t\t\t\t\t\t\t\t<\/a>\n\t\t\t\t\t\t\t\t\t\t\t<figcaption class=\"widget-image-caption wp-caption-text\">Damperli Yar\u0131 R\u00f6mork<\/figcaption>\n\t\t\t\t\t\t\t\t\t\t<\/figure>\n\t\t\t\t\t\t\t<\/div>\n\t\t\t\t<\/div>\n\t\t\t\t\t<\/div>\n\t\t<\/div>\n\t\t\t\t<div class=\"elementor-column elementor-col-33 elementor-top-column elementor-element elementor-element-4384aa6 sc_inner_width_none sc_content_align_inherit sc_layouts_column_icons_position_left sc_fly_static\" data-id=\"4384aa6\" data-element_type=\"column\">\n\t\t\t<div class=\"elementor-widget-wrap elementor-element-populated\">\n\t\t\t\t\t\t<div class=\"elementor-element elementor-element-9a16c29 sc_fly_static elementor-widget elementor-widget-image\" data-id=\"9a16c29\" data-element_type=\"widget\" data-widget_type=\"image.default\">\n\t\t\t\t<div class=\"elementor-widget-container\">\n\t\t\t\t\t\t\t\t\t\t<figure class=\"wp-caption\">\n\t\t\t\t\t\t\t\t\t\t\t<a href=\"https:\/\/m2kdijital.com\/makinsan\/portfolio\/sal-kasa-yari-romork\/\">\n\t\t\t\t\t\t\t<img decoding=\"async\" width=\"890\" height=\"664\" src=\"https:\/\/m2kdijital.com\/makinsan\/wp-content\/uploads\/2025\/05\/3p.jpg\" class=\"attachment-globallogistics-thumb-square size-globallogistics-thumb-square wp-image-20707\" alt=\"\" srcset=\"https:\/\/m2kdijital.com\/makinsan\/wp-content\/uploads\/2025\/05\/3p.jpg 890w, https:\/\/m2kdijital.com\/makinsan\/wp-content\/uploads\/2025\/05\/3p-300x224.jpg 300w, https:\/\/m2kdijital.com\/makinsan\/wp-content\/uploads\/2025\/05\/3p-768x573.jpg 768w, https:\/\/m2kdijital.com\/makinsan\/wp-content\/uploads\/2025\/05\/3p-370x276.jpg 370w, https:\/\/m2kdijital.com\/makinsan\/wp-content\/uploads\/2025\/05\/3p-840x627.jpg 840w, https:\/\/m2kdijital.com\/makinsan\/wp-content\/uploads\/2025\/05\/3p-410x306.jpg 410w\" sizes=\"(max-width: 890px) 100vw, 890px\" \/>\t\t\t\t\t\t\t\t<\/a>\n\t\t\t\t\t\t\t\t\t\t\t<figcaption class=\"widget-image-caption wp-caption-text\">Sal Kasa Yar\u0131 R\u00f6mork<\/figcaption>\n\t\t\t\t\t\t\t\t\t\t<\/figure>\n\t\t\t\t\t\t\t<\/div>\n\t\t\t\t<\/div>\n\t\t\t\t\t<\/div>\n\t\t<\/div>\n\t\t\t\t\t<\/div>\n\t\t<\/section>\n\t\t\t\t<section class=\"elementor-section elementor-top-section elementor-element elementor-element-6a2907e elementor-section-boxed elementor-section-height-default elementor-section-height-default sc_fly_static\" data-id=\"6a2907e\" data-element_type=\"section\">\n\t\t\t\t\t\t<div class=\"elementor-container elementor-column-gap-extended\">\n\t\t\t\t\t<div class=\"elementor-column elementor-col-33 elementor-top-column elementor-element elementor-element-e8a8f32 sc_inner_width_none sc_content_align_inherit sc_layouts_column_icons_position_left sc_fly_static\" data-id=\"e8a8f32\" data-element_type=\"column\">\n\t\t\t<div class=\"elementor-widget-wrap elementor-element-populated\">\n\t\t\t\t\t\t<div class=\"elementor-element elementor-element-63f0e3c sc_fly_static elementor-widget elementor-widget-image\" data-id=\"63f0e3c\" data-element_type=\"widget\" data-widget_type=\"image.default\">\n\t\t\t\t<div class=\"elementor-widget-container\">\n\t\t\t\t\t\t\t\t\t\t<figure class=\"wp-caption\">\n\t\t\t\t\t\t\t\t\t\t\t<a href=\"https:\/\/m2kdijital.com\/makinsan\/konteynir-tasiyici\/\">\n\t\t\t\t\t\t\t<img loading=\"lazy\" decoding=\"async\" width=\"890\" height=\"664\" src=\"https:\/\/m2kdijital.com\/makinsan\/wp-content\/uploads\/2025\/05\/4p.png\" class=\"attachment-globallogistics-thumb-square size-globallogistics-thumb-square wp-image-20708\" alt=\"\" srcset=\"https:\/\/m2kdijital.com\/makinsan\/wp-content\/uploads\/2025\/05\/4p.png 890w, https:\/\/m2kdijital.com\/makinsan\/wp-content\/uploads\/2025\/05\/4p-300x224.png 300w, https:\/\/m2kdijital.com\/makinsan\/wp-content\/uploads\/2025\/05\/4p-768x573.png 768w, https:\/\/m2kdijital.com\/makinsan\/wp-content\/uploads\/2025\/05\/4p-370x276.png 370w, https:\/\/m2kdijital.com\/makinsan\/wp-content\/uploads\/2025\/05\/4p-840x627.png 840w, https:\/\/m2kdijital.com\/makinsan\/wp-content\/uploads\/2025\/05\/4p-410x306.png 410w\" sizes=\"(max-width: 890px) 100vw, 890px\" \/>\t\t\t\t\t\t\t\t<\/a>\n\t\t\t\t\t\t\t\t\t\t\t<figcaption class=\"widget-image-caption wp-caption-text\">Konteyn\u0131r Ta\u015f\u0131y\u0131c\u0131<\/figcaption>\n\t\t\t\t\t\t\t\t\t\t<\/figure>\n\t\t\t\t\t\t\t<\/div>\n\t\t\t\t<\/div>\n\t\t\t\t\t<\/div>\n\t\t<\/div>\n\t\t\t\t<div class=\"elementor-column elementor-col-33 elementor-top-column elementor-element elementor-element-c24766c sc_inner_width_none sc_content_align_inherit sc_layouts_column_icons_position_left sc_fly_static\" data-id=\"c24766c\" data-element_type=\"column\">\n\t\t\t<div class=\"elementor-widget-wrap elementor-element-populated\">\n\t\t\t\t\t\t<div class=\"elementor-element elementor-element-82c79db sc_fly_static elementor-widget elementor-widget-image\" data-id=\"82c79db\" data-element_type=\"widget\" data-widget_type=\"image.default\">\n\t\t\t\t<div class=\"elementor-widget-container\">\n\t\t\t\t\t\t\t\t\t\t<figure class=\"wp-caption\">\n\t\t\t\t\t\t\t\t\t\t\t<a href=\"https:\/\/m2kdijital.com\/makinsan\/silobas\/\">\n\t\t\t\t\t\t\t<img loading=\"lazy\" decoding=\"async\" width=\"890\" height=\"664\" src=\"https:\/\/m2kdijital.com\/makinsan\/wp-content\/uploads\/2025\/05\/5p.jpg\" class=\"attachment-globallogistics-thumb-square size-globallogistics-thumb-square wp-image-20709\" alt=\"\" srcset=\"https:\/\/m2kdijital.com\/makinsan\/wp-content\/uploads\/2025\/05\/5p.jpg 890w, https:\/\/m2kdijital.com\/makinsan\/wp-content\/uploads\/2025\/05\/5p-300x224.jpg 300w, https:\/\/m2kdijital.com\/makinsan\/wp-content\/uploads\/2025\/05\/5p-768x573.jpg 768w, https:\/\/m2kdijital.com\/makinsan\/wp-content\/uploads\/2025\/05\/5p-370x276.jpg 370w, https:\/\/m2kdijital.com\/makinsan\/wp-content\/uploads\/2025\/05\/5p-840x627.jpg 840w, https:\/\/m2kdijital.com\/makinsan\/wp-content\/uploads\/2025\/05\/5p-410x306.jpg 410w\" sizes=\"(max-width: 890px) 100vw, 890px\" \/>\t\t\t\t\t\t\t\t<\/a>\n\t\t\t\t\t\t\t\t\t\t\t<figcaption class=\"widget-image-caption wp-caption-text\">Silobas<\/figcaption>\n\t\t\t\t\t\t\t\t\t\t<\/figure>\n\t\t\t\t\t\t\t<\/div>\n\t\t\t\t<\/div>\n\t\t\t\t\t<\/div>\n\t\t<\/div>\n\t\t\t\t<div class=\"elementor-column elementor-col-33 elementor-top-column elementor-element elementor-element-7d374de sc_inner_width_none sc_content_align_inherit sc_layouts_column_icons_position_left sc_fly_static\" data-id=\"7d374de\" data-element_type=\"column\">\n\t\t\t<div class=\"elementor-widget-wrap elementor-element-populated\">\n\t\t\t\t\t\t<div class=\"elementor-element elementor-element-5cd0928 sc_fly_static elementor-widget elementor-widget-image\" data-id=\"5cd0928\" data-element_type=\"widget\" data-widget_type=\"image.default\">\n\t\t\t\t<div class=\"elementor-widget-container\">\n\t\t\t\t\t\t\t\t\t\t<figure class=\"wp-caption\">\n\t\t\t\t\t\t\t\t\t\t\t<a href=\"https:\/\/m2kdijital.com\/makinsan\/portfolio\/ozel-imalatlar\/\">\n\t\t\t\t\t\t\t<img loading=\"lazy\" decoding=\"async\" width=\"890\" height=\"664\" src=\"https:\/\/m2kdijital.com\/makinsan\/wp-content\/uploads\/2025\/05\/6p-890x664.jpeg\" class=\"attachment-globallogistics-thumb-square size-globallogistics-thumb-square wp-image-20702\" alt=\"\" \/>\t\t\t\t\t\t\t\t<\/a>\n\t\t\t\t\t\t\t\t\t\t\t<figcaption class=\"widget-image-caption wp-caption-text\">\u00d6zel \u0130malat<\/figcaption>\n\t\t\t\t\t\t\t\t\t\t<\/figure>\n\t\t\t\t\t\t\t<\/div>\n\t\t\t\t<\/div>\n\t\t\t\t\t<\/div>\n\t\t<\/div>\n\t\t\t\t\t<\/div>\n\t\t<\/section>\n\t\t\t\t<section class=\"elementor-section elementor-top-section elementor-element elementor-element-0055b7d elementor-section-boxed elementor-section-height-default elementor-section-height-default sc_fly_static\" data-id=\"0055b7d\" data-element_type=\"section\">\n\t\t\t\t\t\t<div class=\"elementor-container elementor-column-gap-extended\">\n\t\t\t\t\t<div class=\"elementor-column elementor-col-33 elementor-top-column elementor-element elementor-element-6263868 sc_inner_width_none sc_content_align_inherit sc_layouts_column_icons_position_left sc_fly_static\" data-id=\"6263868\" data-element_type=\"column\">\n\t\t\t<div class=\"elementor-widget-wrap elementor-element-populated\">\n\t\t\t\t\t\t<div class=\"elementor-element elementor-element-a0575d8 sc_fly_static elementor-widget elementor-widget-image\" data-id=\"a0575d8\" data-element_type=\"widget\" data-widget_type=\"image.default\">\n\t\t\t\t<div class=\"elementor-widget-container\">\n\t\t\t\t\t\t\t\t\t\t<figure class=\"wp-caption\">\n\t\t\t\t\t\t\t\t\t\t\t<a href=\"https:\/\/m2kdijital.com\/makinsan\/portfolio\/tanker-dorsesi\/\">\n\t\t\t\t\t\t\t<img loading=\"lazy\" decoding=\"async\" width=\"1024\" height=\"768\" src=\"https:\/\/m2kdijital.com\/makinsan\/wp-content\/uploads\/2025\/05\/7p-1024x768.png\" class=\"attachment-large size-large wp-image-20710\" alt=\"\" srcset=\"https:\/\/m2kdijital.com\/makinsan\/wp-content\/uploads\/2025\/05\/7p-1024x768.png 1024w, https:\/\/m2kdijital.com\/makinsan\/wp-content\/uploads\/2025\/05\/7p-300x225.png 300w, https:\/\/m2kdijital.com\/makinsan\/wp-content\/uploads\/2025\/05\/7p-768x576.png 768w, https:\/\/m2kdijital.com\/makinsan\/wp-content\/uploads\/2025\/05\/7p-1536x1152.png 1536w, https:\/\/m2kdijital.com\/makinsan\/wp-content\/uploads\/2025\/05\/7p-370x278.png 370w, https:\/\/m2kdijital.com\/makinsan\/wp-content\/uploads\/2025\/05\/7p-840x630.png 840w, https:\/\/m2kdijital.com\/makinsan\/wp-content\/uploads\/2025\/05\/7p-410x308.png 410w, https:\/\/m2kdijital.com\/makinsan\/wp-content\/uploads\/2025\/05\/7p.png 2048w\" sizes=\"(max-width: 1024px) 100vw, 1024px\" \/>\t\t\t\t\t\t\t\t<\/a>\n\t\t\t\t\t\t\t\t\t\t\t<figcaption class=\"widget-image-caption wp-caption-text\">Tanker Dorsesi<\/figcaption>\n\t\t\t\t\t\t\t\t\t\t<\/figure>\n\t\t\t\t\t\t\t<\/div>\n\t\t\t\t<\/div>\n\t\t\t\t\t<\/div>\n\t\t<\/div>\n\t\t\t\t<div class=\"elementor-column elementor-col-33 elementor-top-column elementor-element elementor-element-901754a sc_inner_width_none sc_content_align_inherit sc_layouts_column_icons_position_left sc_fly_static\" data-id=\"901754a\" data-element_type=\"column\">\n\t\t\t<div class=\"elementor-widget-wrap elementor-element-populated\">\n\t\t\t\t\t\t<div class=\"elementor-element elementor-element-dcacc1d sc_fly_static elementor-widget elementor-widget-image\" data-id=\"dcacc1d\" data-element_type=\"widget\" data-widget_type=\"image.default\">\n\t\t\t\t<div class=\"elementor-widget-container\">\n\t\t\t\t\t\t\t\t\t\t<figure class=\"wp-caption\">\n\t\t\t\t\t\t\t\t\t\t\t<a href=\"https:\/\/m2kdijital.com\/makinsan\/portfolio\/arac-ustu-uygulamalari\/\">\n\t\t\t\t\t\t\t<img loading=\"lazy\" decoding=\"async\" width=\"768\" height=\"576\" src=\"https:\/\/m2kdijital.com\/makinsan\/wp-content\/uploads\/2025\/05\/8p.jpeg\" class=\"attachment-globallogistics-thumb-square size-globallogistics-thumb-square wp-image-20703\" alt=\"\" srcset=\"https:\/\/m2kdijital.com\/makinsan\/wp-content\/uploads\/2025\/05\/8p.jpeg 768w, https:\/\/m2kdijital.com\/makinsan\/wp-content\/uploads\/2025\/05\/8p-300x225.jpeg 300w, https:\/\/m2kdijital.com\/makinsan\/wp-content\/uploads\/2025\/05\/8p-370x278.jpeg 370w, https:\/\/m2kdijital.com\/makinsan\/wp-content\/uploads\/2025\/05\/8p-410x308.jpeg 410w\" sizes=\"(max-width: 768px) 100vw, 768px\" \/>\t\t\t\t\t\t\t\t<\/a>\n\t\t\t\t\t\t\t\t\t\t\t<figcaption class=\"widget-image-caption wp-caption-text\">Ara\u00e7 \u00dcst\u00fc Uygulamalar<\/figcaption>\n\t\t\t\t\t\t\t\t\t\t<\/figure>\n\t\t\t\t\t\t\t<\/div>\n\t\t\t\t<\/div>\n\t\t\t\t\t<\/div>\n\t\t<\/div>\n\t\t\t\t<div class=\"elementor-column elementor-col-33 elementor-top-column elementor-element elementor-element-07ef509 sc_inner_width_none sc_content_align_inherit sc_layouts_column_icons_position_left sc_fly_static\" data-id=\"07ef509\" data-element_type=\"column\">\n\t\t\t<div class=\"elementor-widget-wrap elementor-element-populated\">\n\t\t\t\t\t\t<div class=\"elementor-element elementor-element-f5615e5 sc_fly_static elementor-widget elementor-widget-image\" data-id=\"f5615e5\" data-element_type=\"widget\" data-widget_type=\"image.default\">\n\t\t\t\t<div class=\"elementor-widget-container\">\n\t\t\t\t\t\t\t\t\t\t<figure class=\"wp-caption\">\n\t\t\t\t\t\t\t\t\t\t\t<a href=\"https:\/\/m2kdijital.com\/makinsan\/portfolio\/tarim-romorku\/\">\n\t\t\t\t\t\t\t<img loading=\"lazy\" decoding=\"async\" width=\"1024\" height=\"768\" src=\"https:\/\/m2kdijital.com\/makinsan\/wp-content\/uploads\/2025\/05\/9p-1024x768.jpg\" class=\"attachment-large size-large wp-image-20711\" alt=\"\" srcset=\"https:\/\/m2kdijital.com\/makinsan\/wp-content\/uploads\/2025\/05\/9p-1024x768.jpg 1024w, https:\/\/m2kdijital.com\/makinsan\/wp-content\/uploads\/2025\/05\/9p-300x225.jpg 300w, https:\/\/m2kdijital.com\/makinsan\/wp-content\/uploads\/2025\/05\/9p-768x576.jpg 768w, https:\/\/m2kdijital.com\/makinsan\/wp-content\/uploads\/2025\/05\/9p-1536x1152.jpg 1536w, https:\/\/m2kdijital.com\/makinsan\/wp-content\/uploads\/2025\/05\/9p-370x278.jpg 370w, https:\/\/m2kdijital.com\/makinsan\/wp-content\/uploads\/2025\/05\/9p-840x630.jpg 840w, https:\/\/m2kdijital.com\/makinsan\/wp-content\/uploads\/2025\/05\/9p-410x308.jpg 410w, https:\/\/m2kdijital.com\/makinsan\/wp-content\/uploads\/2025\/05\/9p.jpg 2048w\" sizes=\"(max-width: 1024px) 100vw, 1024px\" \/>\t\t\t\t\t\t\t\t<\/a>\n\t\t\t\t\t\t\t\t\t\t\t<figcaption class=\"widget-image-caption wp-caption-text\">Tar\u0131m R\u00f6morku<\/figcaption>\n\t\t\t\t\t\t\t\t\t\t<\/figure>\n\t\t\t\t\t\t\t<\/div>\n\t\t\t\t<\/div>\n\t\t\t\t\t<\/div>\n\t\t<\/div>\n\t\t\t\t\t<\/div>\n\t\t<\/section>\n\t\t\t\t<section class=\"elementor-section elementor-top-section elementor-element elementor-element-9028ecd elementor-section-boxed elementor-section-height-default elementor-section-height-default sc_fly_static\" data-id=\"9028ecd\" data-element_type=\"section\">\n\t\t\t\t\t\t<div class=\"elementor-container elementor-column-gap-extended\">\n\t\t\t\t\t<div class=\"elementor-column elementor-col-100 elementor-top-column elementor-element elementor-element-0578093 sc_inner_width_none sc_content_align_inherit sc_layouts_column_icons_position_left sc_fly_static\" data-id=\"0578093\" data-element_type=\"column\">\n\t\t\t<div class=\"elementor-widget-wrap elementor-element-populated\">\n\t\t\t\t\t\t<div class=\"elementor-element elementor-element-1f97af2 sc_height_huge sc_fly_static elementor-widget elementor-widget-spacer\" data-id=\"1f97af2\" data-element_type=\"widget\" data-widget_type=\"spacer.default\">\n\t\t\t\t<div class=\"elementor-widget-container\">\n\t\t\t\t\t<div class=\"elementor-spacer\">\n\t\t\t<div class=\"elementor-spacer-inner\"><\/div>\n\t\t<\/div>\n\t\t\t\t<\/div>\n\t\t\t\t<\/div>\n\t\t\t\t\t<\/div>\n\t\t<\/div>\n\t\t\t\t\t<\/div>\n\t\t<\/section>\n\t\t\t\t<\/div>\n\t\t","protected":false},"excerpt":{"rendered":"<p>Low-bed Damperli Yar\u0131 R\u00f6mork Sal Kasa Yar\u0131 R\u00f6mork Konteyn\u0131r Ta\u015f\u0131y\u0131c\u0131 Silobas \u00d6zel \u0130malat Tanker Dorsesi Ara\u00e7 \u00dcst\u00fc Uygulamalar Tar\u0131m R\u00f6morku<\/p>\n","protected":false},"author":1,"featured_media":0,"parent":0,"menu_order":0,"comment_status":"closed","ping_status":"closed","template":"","meta":{"footnotes":""},"class_list":["post-20417","page","type-page","status-publish","hentry"],"_links":{"self":[{"href":"https:\/\/m2kdijital.com\/makinsan\/wp-json\/wp\/v2\/pages\/20417","targetHints":{"allow":["GET"]}}],"collection":[{"href":"https:\/\/m2kdijital.com\/makinsan\/wp-json\/wp\/v2\/pages"}],"about":[{"href":"https:\/\/m2kdijital.com\/makinsan\/wp-json\/wp\/v2\/types\/page"}],"author":[{"embeddable":true,"href":"https:\/\/m2kdijital.com\/makinsan\/wp-json\/wp\/v2\/users\/1"}],"replies":[{"embeddable":true,"href":"https:\/\/m2kdijital.com\/makinsan\/wp-json\/wp\/v2\/comments?post=20417"}],"version-history":[{"count":58,"href":"https:\/\/m2kdijital.com\/makinsan\/wp-json\/wp\/v2\/pages\/20417\/revisions"}],"predecessor-version":[{"id":20732,"href":"https:\/\/m2kdijital.com\/makinsan\/wp-json\/wp\/v2\/pages\/20417\/revisions\/20732"}],"wp:attachment":[{"href":"https:\/\/m2kdijital.com\/makinsan\/wp-json\/wp\/v2\/media?parent=20417"}],"curies":[{"name":"wp","href":"https:\/\/api.w.org\/{rel}","templated":true}]}}