{"id":17328,"date":"2021-09-13T08:57:31","date_gmt":"2021-09-13T08:57:31","guid":{"rendered":"https:\/\/m2kdijital.com\/makinsan.ancorathemes.com\/?page_id=17328"},"modified":"2024-10-24T10:11:07","modified_gmt":"2024-10-24T07:11:07","slug":"hakkimizda","status":"publish","type":"page","link":"https:\/\/m2kdijital.com\/makinsan\/hakkimizda\/","title":{"rendered":"Hakk\u0131m\u0131zda"},"content":{"rendered":"\t\t<div data-elementor-type=\"wp-page\" data-elementor-id=\"17328\" class=\"elementor elementor-17328\">\n\t\t\t\t\t\t<section class=\"elementor-section elementor-top-section elementor-element elementor-element-2ac1b54 elementor-section-boxed elementor-section-height-default elementor-section-height-default sc_fly_static\" data-id=\"2ac1b54\" data-element_type=\"section\">\n\t\t\t\t\t\t<div class=\"elementor-container elementor-column-gap-extended\">\n\t\t\t\t\t<div class=\"elementor-column elementor-col-100 elementor-top-column elementor-element elementor-element-657923c sc_inner_width_none sc_content_align_inherit sc_layouts_column_icons_position_left sc_fly_static\" data-id=\"657923c\" data-element_type=\"column\">\n\t\t\t<div class=\"elementor-widget-wrap\">\n\t\t\t\t\t\t\t<\/div>\n\t\t<\/div>\n\t\t\t\t\t<\/div>\n\t\t<\/section>\n\t\t\t\t<section class=\"elementor-section elementor-top-section elementor-element elementor-element-545b859 elementor-section-stretched elementor-section-content-middle elementor-section-boxed elementor-section-height-default elementor-section-height-default sc_fly_static\" data-id=\"545b859\" data-element_type=\"section\" data-settings=\"{&quot;stretch_section&quot;:&quot;section-stretched&quot;}\">\n\t\t\t\t\t\t<div class=\"elementor-container elementor-column-gap-extended\">\n\t\t\t\t\t<div class=\"elementor-column elementor-col-100 elementor-top-column elementor-element elementor-element-b6f88f2 sc_inner_width_none sc_content_align_inherit sc_layouts_column_icons_position_left sc_fly_static\" data-id=\"b6f88f2\" data-element_type=\"column\">\n\t\t\t<div class=\"elementor-widget-wrap elementor-element-populated\">\n\t\t\t\t\t\t<div class=\"elementor-element elementor-element-bd2e519 sc_fly_static elementor-widget elementor-widget-image\" data-id=\"bd2e519\" data-element_type=\"widget\" data-widget_type=\"image.default\">\n\t\t\t\t<div class=\"elementor-widget-container\">\n\t\t\t\t\t\t\t\t\t\t\t\t\t<img fetchpriority=\"high\" decoding=\"async\" width=\"2560\" height=\"1707\" src=\"https:\/\/m2kdijital.com\/makinsan\/wp-content\/uploads\/2024\/10\/hakkimizda-scaled.jpg\" class=\"attachment-full size-full wp-image-20213\" alt=\"\" srcset=\"https:\/\/m2kdijital.com\/makinsan\/wp-content\/uploads\/2024\/10\/hakkimizda-scaled.jpg 2560w, https:\/\/m2kdijital.com\/makinsan\/wp-content\/uploads\/2024\/10\/hakkimizda-300x200.jpg 300w, https:\/\/m2kdijital.com\/makinsan\/wp-content\/uploads\/2024\/10\/hakkimizda-1024x683.jpg 1024w, https:\/\/m2kdijital.com\/makinsan\/wp-content\/uploads\/2024\/10\/hakkimizda-768x512.jpg 768w, https:\/\/m2kdijital.com\/makinsan\/wp-content\/uploads\/2024\/10\/hakkimizda-1536x1024.jpg 1536w, https:\/\/m2kdijital.com\/makinsan\/wp-content\/uploads\/2024\/10\/hakkimizda-2048x1365.jpg 2048w, https:\/\/m2kdijital.com\/makinsan\/wp-content\/uploads\/2024\/10\/hakkimizda-370x247.jpg 370w, https:\/\/m2kdijital.com\/makinsan\/wp-content\/uploads\/2024\/10\/hakkimizda-840x560.jpg 840w, https:\/\/m2kdijital.com\/makinsan\/wp-content\/uploads\/2024\/10\/hakkimizda-410x273.jpg 410w\" sizes=\"(max-width: 2560px) 100vw, 2560px\" \/>\t\t\t\t\t\t\t\t\t\t\t\t\t<\/div>\n\t\t\t\t<\/div>\n\t\t\t\t<div class=\"elementor-element elementor-element-c6e28b4 sc_height_small sc_fly_static elementor-widget elementor-widget-spacer\" data-id=\"c6e28b4\" data-element_type=\"widget\" data-widget_type=\"spacer.default\">\n\t\t\t\t<div class=\"elementor-widget-container\">\n\t\t\t\t\t<div class=\"elementor-spacer\">\n\t\t\t<div class=\"elementor-spacer-inner\"><\/div>\n\t\t<\/div>\n\t\t\t\t<\/div>\n\t\t\t\t<\/div>\n\t\t\t\t<div class=\"elementor-element elementor-element-817080c sc_fly_static elementor-widget elementor-widget-trx_sc_title\" data-id=\"817080c\" data-element_type=\"widget\" data-widget_type=\"trx_sc_title.default\">\n\t\t\t\t<div class=\"elementor-widget-container\">\n\t\t\t<div\t\tclass=\"sc_title sc_title_default\" ><span class=\"sc_item_subtitle sc_title_subtitle sc_item_subtitle_above sc_item_title_style_default\">MAK\u0130NSAN TREYLER<\/span><h1 class=\"sc_item_title sc_title_title sc_item_title_style_default sc_item_title_tag\"\n\t\t\t><span class=\"sc_item_title_text\">Biz Kimiz ?<\/span><\/h1><\/div>\t\t<\/div>\n\t\t\t\t<\/div>\n\t\t\t\t<div class=\"elementor-element elementor-element-3590080 sc_fly_static elementor-widget elementor-widget-spacer\" data-id=\"3590080\" data-element_type=\"widget\" data-widget_type=\"spacer.default\">\n\t\t\t\t<div class=\"elementor-widget-container\">\n\t\t\t\t\t<div class=\"elementor-spacer\">\n\t\t\t<div class=\"elementor-spacer-inner\"><\/div>\n\t\t<\/div>\n\t\t\t\t<\/div>\n\t\t\t\t<\/div>\n\t\t\t\t<div class=\"elementor-element elementor-element-3f825b1 sc_fly_static elementor-widget elementor-widget-text-editor\" data-id=\"3f825b1\" data-element_type=\"widget\" data-widget_type=\"text-editor.default\">\n\t\t\t\t<div class=\"elementor-widget-container\">\n\t\t\t\t\t\t\t<div>Ticari ara\u00e7lara kimlik kazand\u0131ran, r\u00f6mork ve yar\u0131 r\u00f6mork konusunda uzmanla\u015fm\u0131\u015f; her t\u00fcrl\u00fc proje y\u00fck\u00fc, a\u011f\u0131r ta\u015f\u0131mac\u0131l\u0131k sekt\u00f6r\u00fcne ak\u0131lc\u0131 ve m\u00fc\u015fteri odakl\u0131 \u00e7\u00f6z\u00fcmler \u00fcreten Makinsan Treyler&#8217;e ho\u015fgeldiniz.<\/div><div>\u00a0<\/div><div>Makinsan Treyler \u00fclkemizdeki treyler ihtiyac\u0131n\u0131 kar\u015f\u0131lamak amac\u0131yla, 1992 y\u0131l\u0131nda Adana ili Yeni Metal Sanayi B\u00f6lgesinde kurulmu\u015ftur. Kurulu\u015f a\u015famas\u0131ndan sonra daha \u00e7ok i\u00e7 pazara y\u00f6nelik damperli yar\u0131 r\u00f6mork, sal kasa yar\u0131 r\u00f6mork, kapakl\u0131 sal kasa yar\u0131 r\u00f6mork ve ara\u00e7 \u00fcst\u00fc uygulamalar\u0131 imalat\u0131nda faaliyet g\u00f6steren firma, k\u0131sa bir s\u00fcre i\u00e7erisinde ta\u015f\u0131mac\u0131l\u0131k sekt\u00f6r\u00fcn\u00fcn ihtiya\u00e7lar\u0131n\u0131 fazlas\u0131yla kar\u015f\u0131layan T\u00fcrkiye&#8217;nin \u00f6nc\u00fc firmalardan biri haline gelmi\u015ftir.<\/div><div>\u00a0<\/div><div>Artan talep ve \u00e7e\u015fitlili\u011fi kar\u015f\u0131lamak, yeniliklere takip etmek ve \u00fcretim kapasitesini geni\u015fletmek amac\u0131yla, 1998 y\u0131l\u0131ndan beri, Adana Hac\u0131 Sabanc\u0131 Organize Sanayi B\u00f6lgesinde 15.000 m\u00b2 kapal\u0131 ve 15.000 m\u00b2 a\u00e7\u0131k alanda \u00fcretim faaliyetlerine devam etmektedir.<\/div><div>\u00a0<\/div><div>Makinsan Treyler g\u00fcn\u00fcm\u00fcz teknolojisini yak\u0131ndan izlemekte, \u00e7al\u0131\u015fanlar\u0131n\u0131n bilgi ve becerilerini s\u00fcrekli e\u011fitim faaliyetleri ile artt\u0131rmakta olup sekt\u00f6rdeki yenikleri yasal mevzuatlar do\u011frultusunda \u015fekillendirerek yoluna devam etmektedir. Yurti\u00e7i pazarda elde etti\u011fi ba\u015far\u0131lar \u0131\u015f\u0131\u011f\u0131nda, 2001 y\u0131l\u0131ndan itibaren de yurt d\u0131\u015f\u0131ndan ald\u0131\u011f\u0131 taleplerle \u00fclkemizi yurt d\u0131\u015f\u0131nda ba\u015far\u0131yla temsil etmi\u015ftir.<\/div><div>\u00a0<\/div><div>\u0130hracatlar\u0131n\u0131 Avrupa\u2019n\u0131n ard\u0131ndan Afrika, Arap \u00dclkeleri, Rusya ve T\u00fcrkiye Cumhuriyetlerine ger\u00e7ekle\u015ftirmektedir. Makinsan Treyler, \u00fcretiminin ortalama %80\u2019ini ihra\u00e7 eder duruma gelmi\u015ftir.<\/div>\t\t\t\t\t\t<\/div>\n\t\t\t\t<\/div>\n\t\t\t\t\t<\/div>\n\t\t<\/div>\n\t\t\t\t\t<\/div>\n\t\t<\/section>\n\t\t\t\t<section class=\"elementor-section elementor-top-section elementor-element elementor-element-5be9bc5 elementor-section-boxed elementor-section-height-default elementor-section-height-default sc_fly_static\" data-id=\"5be9bc5\" data-element_type=\"section\">\n\t\t\t\t\t\t<div class=\"elementor-container elementor-column-gap-extended\">\n\t\t\t\t\t<div class=\"elementor-column elementor-col-100 elementor-top-column elementor-element elementor-element-ba2894a sc_inner_width_none sc_content_align_inherit sc_layouts_column_icons_position_left sc_fly_static\" data-id=\"ba2894a\" data-element_type=\"column\">\n\t\t\t<div class=\"elementor-widget-wrap elementor-element-populated\">\n\t\t\t\t\t\t<div class=\"elementor-element elementor-element-9ab5d1f gallery-spacing-custom sc_fly_static elementor-widget elementor-widget-image-gallery\" data-id=\"9ab5d1f\" data-element_type=\"widget\" data-widget_type=\"image-gallery.default\">\n\t\t\t\t<div class=\"elementor-widget-container\">\n\t\t\t\t\t<div class=\"elementor-image-gallery\">\n\t\t\t<div id='gallery-1' class='gallery galleryid-17328 gallery-columns-4 gallery-size-full'><figure class='gallery-item'>\n\t\t\t<div class='gallery-icon portrait'>\n\t\t\t\t<a data-elementor-open-lightbox=\"yes\" data-elementor-lightbox-slideshow=\"9ab5d1f\" data-elementor-lightbox-title=\"belge1\" data-e-action-hash=\"#elementor-action%3Aaction%3Dlightbox%26settings%3DeyJpZCI6MTk5OTYsInVybCI6Imh0dHBzOlwvXC9tMmtkaWppdGFsLmNvbVwvbWFraW5zYW5cL3dwLWNvbnRlbnRcL3VwbG9hZHNcLzIwMjRcLzA2XC9iZWxnZTEuanBnIiwic2xpZGVzaG93IjoiOWFiNWQxZiJ9\" href='https:\/\/m2kdijital.com\/makinsan\/wp-content\/uploads\/2024\/06\/belge1.jpg'><img decoding=\"async\" width=\"1654\" height=\"2338\" src=\"https:\/\/m2kdijital.com\/makinsan\/wp-content\/uploads\/2024\/06\/belge1.jpg\" class=\"attachment-full size-full\" alt=\"\" srcset=\"https:\/\/m2kdijital.com\/makinsan\/wp-content\/uploads\/2024\/06\/belge1.jpg 1654w, https:\/\/m2kdijital.com\/makinsan\/wp-content\/uploads\/2024\/06\/belge1-212x300.jpg 212w, https:\/\/m2kdijital.com\/makinsan\/wp-content\/uploads\/2024\/06\/belge1-724x1024.jpg 724w, https:\/\/m2kdijital.com\/makinsan\/wp-content\/uploads\/2024\/06\/belge1-768x1086.jpg 768w, https:\/\/m2kdijital.com\/makinsan\/wp-content\/uploads\/2024\/06\/belge1-1087x1536.jpg 1087w, https:\/\/m2kdijital.com\/makinsan\/wp-content\/uploads\/2024\/06\/belge1-1449x2048.jpg 1449w, https:\/\/m2kdijital.com\/makinsan\/wp-content\/uploads\/2024\/06\/belge1-370x523.jpg 370w, https:\/\/m2kdijital.com\/makinsan\/wp-content\/uploads\/2024\/06\/belge1-840x1187.jpg 840w, https:\/\/m2kdijital.com\/makinsan\/wp-content\/uploads\/2024\/06\/belge1-410x580.jpg 410w\" sizes=\"(max-width: 1654px) 100vw, 1654px\" \/><\/a>\n\t\t\t<\/div><\/figure><figure class='gallery-item'>\n\t\t\t<div class='gallery-icon portrait'>\n\t\t\t\t<a data-elementor-open-lightbox=\"yes\" data-elementor-lightbox-slideshow=\"9ab5d1f\" data-elementor-lightbox-title=\"belge2\" data-e-action-hash=\"#elementor-action%3Aaction%3Dlightbox%26settings%3DeyJpZCI6MTk5OTcsInVybCI6Imh0dHBzOlwvXC9tMmtkaWppdGFsLmNvbVwvbWFraW5zYW5cL3dwLWNvbnRlbnRcL3VwbG9hZHNcLzIwMjRcLzA2XC9iZWxnZTIuanBnIiwic2xpZGVzaG93IjoiOWFiNWQxZiJ9\" href='https:\/\/m2kdijital.com\/makinsan\/wp-content\/uploads\/2024\/06\/belge2.jpg'><img decoding=\"async\" width=\"1654\" height=\"2338\" src=\"https:\/\/m2kdijital.com\/makinsan\/wp-content\/uploads\/2024\/06\/belge2.jpg\" class=\"attachment-full size-full\" alt=\"\" srcset=\"https:\/\/m2kdijital.com\/makinsan\/wp-content\/uploads\/2024\/06\/belge2.jpg 1654w, https:\/\/m2kdijital.com\/makinsan\/wp-content\/uploads\/2024\/06\/belge2-212x300.jpg 212w, https:\/\/m2kdijital.com\/makinsan\/wp-content\/uploads\/2024\/06\/belge2-724x1024.jpg 724w, https:\/\/m2kdijital.com\/makinsan\/wp-content\/uploads\/2024\/06\/belge2-768x1086.jpg 768w, https:\/\/m2kdijital.com\/makinsan\/wp-content\/uploads\/2024\/06\/belge2-1087x1536.jpg 1087w, https:\/\/m2kdijital.com\/makinsan\/wp-content\/uploads\/2024\/06\/belge2-1449x2048.jpg 1449w, https:\/\/m2kdijital.com\/makinsan\/wp-content\/uploads\/2024\/06\/belge2-370x523.jpg 370w, https:\/\/m2kdijital.com\/makinsan\/wp-content\/uploads\/2024\/06\/belge2-840x1187.jpg 840w, https:\/\/m2kdijital.com\/makinsan\/wp-content\/uploads\/2024\/06\/belge2-410x580.jpg 410w\" sizes=\"(max-width: 1654px) 100vw, 1654px\" \/><\/a>\n\t\t\t<\/div><\/figure><figure class='gallery-item'>\n\t\t\t<div class='gallery-icon portrait'>\n\t\t\t\t<a data-elementor-open-lightbox=\"yes\" data-elementor-lightbox-slideshow=\"9ab5d1f\" data-elementor-lightbox-title=\"belge3\" data-e-action-hash=\"#elementor-action%3Aaction%3Dlightbox%26settings%3DeyJpZCI6MTk5OTksInVybCI6Imh0dHBzOlwvXC9tMmtkaWppdGFsLmNvbVwvbWFraW5zYW5cL3dwLWNvbnRlbnRcL3VwbG9hZHNcLzIwMjRcLzA2XC9iZWxnZTMuanBnIiwic2xpZGVzaG93IjoiOWFiNWQxZiJ9\" href='https:\/\/m2kdijital.com\/makinsan\/wp-content\/uploads\/2024\/06\/belge3.jpg'><img loading=\"lazy\" decoding=\"async\" width=\"1653\" height=\"2339\" src=\"https:\/\/m2kdijital.com\/makinsan\/wp-content\/uploads\/2024\/06\/belge3.jpg\" class=\"attachment-full size-full\" alt=\"\" srcset=\"https:\/\/m2kdijital.com\/makinsan\/wp-content\/uploads\/2024\/06\/belge3.jpg 1653w, https:\/\/m2kdijital.com\/makinsan\/wp-content\/uploads\/2024\/06\/belge3-212x300.jpg 212w, https:\/\/m2kdijital.com\/makinsan\/wp-content\/uploads\/2024\/06\/belge3-724x1024.jpg 724w, https:\/\/m2kdijital.com\/makinsan\/wp-content\/uploads\/2024\/06\/belge3-768x1087.jpg 768w, https:\/\/m2kdijital.com\/makinsan\/wp-content\/uploads\/2024\/06\/belge3-1086x1536.jpg 1086w, https:\/\/m2kdijital.com\/makinsan\/wp-content\/uploads\/2024\/06\/belge3-1447x2048.jpg 1447w, https:\/\/m2kdijital.com\/makinsan\/wp-content\/uploads\/2024\/06\/belge3-370x524.jpg 370w, https:\/\/m2kdijital.com\/makinsan\/wp-content\/uploads\/2024\/06\/belge3-840x1189.jpg 840w, https:\/\/m2kdijital.com\/makinsan\/wp-content\/uploads\/2024\/06\/belge3-410x580.jpg 410w\" sizes=\"(max-width: 1653px) 100vw, 1653px\" \/><\/a>\n\t\t\t<\/div><\/figure><figure class='gallery-item'>\n\t\t\t<div class='gallery-icon portrait'>\n\t\t\t\t<a data-elementor-open-lightbox=\"yes\" data-elementor-lightbox-slideshow=\"9ab5d1f\" data-elementor-lightbox-title=\"belge4\" data-e-action-hash=\"#elementor-action%3Aaction%3Dlightbox%26settings%3DeyJpZCI6MjAwMDAsInVybCI6Imh0dHBzOlwvXC9tMmtkaWppdGFsLmNvbVwvbWFraW5zYW5cL3dwLWNvbnRlbnRcL3VwbG9hZHNcLzIwMjRcLzA2XC9iZWxnZTQuanBnIiwic2xpZGVzaG93IjoiOWFiNWQxZiJ9\" href='https:\/\/m2kdijital.com\/makinsan\/wp-content\/uploads\/2024\/06\/belge4.jpg'><img loading=\"lazy\" decoding=\"async\" width=\"1654\" height=\"2339\" src=\"https:\/\/m2kdijital.com\/makinsan\/wp-content\/uploads\/2024\/06\/belge4.jpg\" class=\"attachment-full size-full\" alt=\"\" srcset=\"https:\/\/m2kdijital.com\/makinsan\/wp-content\/uploads\/2024\/06\/belge4.jpg 1654w, https:\/\/m2kdijital.com\/makinsan\/wp-content\/uploads\/2024\/06\/belge4-212x300.jpg 212w, https:\/\/m2kdijital.com\/makinsan\/wp-content\/uploads\/2024\/06\/belge4-724x1024.jpg 724w, https:\/\/m2kdijital.com\/makinsan\/wp-content\/uploads\/2024\/06\/belge4-768x1086.jpg 768w, https:\/\/m2kdijital.com\/makinsan\/wp-content\/uploads\/2024\/06\/belge4-1086x1536.jpg 1086w, https:\/\/m2kdijital.com\/makinsan\/wp-content\/uploads\/2024\/06\/belge4-1448x2048.jpg 1448w, https:\/\/m2kdijital.com\/makinsan\/wp-content\/uploads\/2024\/06\/belge4-370x523.jpg 370w, https:\/\/m2kdijital.com\/makinsan\/wp-content\/uploads\/2024\/06\/belge4-840x1188.jpg 840w, https:\/\/m2kdijital.com\/makinsan\/wp-content\/uploads\/2024\/06\/belge4-410x580.jpg 410w\" sizes=\"(max-width: 1654px) 100vw, 1654px\" \/><\/a>\n\t\t\t<\/div><\/figure>\n\t\t<\/div>\n\t\t<\/div>\n\t\t\t\t<\/div>\n\t\t\t\t<\/div>\n\t\t\t\t\t<\/div>\n\t\t<\/div>\n\t\t\t\t\t<\/div>\n\t\t<\/section>\n\t\t\t\t<\/div>\n\t\t","protected":false},"excerpt":{"rendered":"<p>MAK\u0130NSAN TREYLER Biz Kimiz ? Ticari ara\u00e7lara kimlik kazand\u0131ran, r\u00f6mork ve yar\u0131 r\u00f6mork konusunda uzmanla\u015fm\u0131\u015f; her t\u00fcrl\u00fc proje y\u00fck\u00fc, a\u011f\u0131r ta\u015f\u0131mac\u0131l\u0131k sekt\u00f6r\u00fcne ak\u0131lc\u0131 ve m\u00fc\u015fteri odakl\u0131 \u00e7\u00f6z\u00fcmler \u00fcreten Makinsan Treyler&#8217;e&hellip;<\/p>\n","protected":false},"author":1,"featured_media":0,"parent":0,"menu_order":0,"comment_status":"closed","ping_status":"closed","template":"","meta":{"footnotes":""},"class_list":["post-17328","page","type-page","status-publish","hentry"],"_links":{"self":[{"href":"https:\/\/m2kdijital.com\/makinsan\/wp-json\/wp\/v2\/pages\/17328","targetHints":{"allow":["GET"]}}],"collection":[{"href":"https:\/\/m2kdijital.com\/makinsan\/wp-json\/wp\/v2\/pages"}],"about":[{"href":"https:\/\/m2kdijital.com\/makinsan\/wp-json\/wp\/v2\/types\/page"}],"author":[{"embeddable":true,"href":"https:\/\/m2kdijital.com\/makinsan\/wp-json\/wp\/v2\/users\/1"}],"replies":[{"embeddable":true,"href":"https:\/\/m2kdijital.com\/makinsan\/wp-json\/wp\/v2\/comments?post=17328"}],"version-history":[{"count":25,"href":"https:\/\/m2kdijital.com\/makinsan\/wp-json\/wp\/v2\/pages\/17328\/revisions"}],"predecessor-version":[{"id":20218,"href":"https:\/\/m2kdijital.com\/makinsan\/wp-json\/wp\/v2\/pages\/17328\/revisions\/20218"}],"wp:attachment":[{"href":"https:\/\/m2kdijital.com\/makinsan\/wp-json\/wp\/v2\/media?parent=17328"}],"curies":[{"name":"wp","href":"https:\/\/api.w.org\/{rel}","templated":true}]}}